 -v + 29. Let j be p(g). Let d = -2 + 19. What is the greatest common divisor of d and j?
17
Let l = -442 - -765. Let u = l - 227. Let p be 3 - ((-18)/6 - 12/2). What is the highest common divisor of u and p?
12
Let k be (1521/78)/(2/12). Calculate the highest common factor of 13 and k.
13
Suppose 4*t + x - 159 = 0, -6*t - 3*x + 157 = -2*t. Calculate the greatest common factor of t and 5.
5
Let j(m) = -2*m**3 - 39*m**2 + 21*m + 38. Let f be j(-20). What is the greatest common divisor of f and 234?
18
Suppose -4*r + 280 = 3*w, 29*r = -2*w + 31*r + 210. What is the greatest common factor of w and 25?
25
Let y = 35 + 45. What is the greatest common factor of y and 64?
16
Let k = -809 - -979. Calculate the highest common divisor of k and 50.
10
Let h be 40/((12/21)/((-6)/(-7))). What is the highest common factor of h and 12?
12
Suppose 0 = -5*n + 4*n. Suppose -4*k + 16 + 56 = n. Calculate the greatest common factor of 126 and k.
18
Let g be (6 + -1)*(3 + 522/30). Suppose 7*t - g - 528 = 0. What is the greatest common divisor of 30 and t?
30
Suppose -46 = -r + 2*t, 5*r + 4*t = 2*t + 194. Let w be 4/(-10) + 336/r. Let a = 33 - 9. Calculate the highest common divisor of a and w.
8
Let o = 396 - 363. Calculate the highest common divisor of 132 and o.
33
Let t be 8/(-6)*((-45)/10 + 3). Let b = 25 + t. What is the highest common factor of 36 and b?
9
Let y(v) = 6*v**2 + 5*v + 24. Let j be y(-3). What is the highest common divisor of 168 and j?
21
Let j = -210 + 515. Calculate the greatest common factor of 5 and j.
5
Let s = -34 + 37. Let n be ((-18)/3)/(0 - s/8). What is the highest common divisor of 8 and n?
8
Suppose -1023 = 13*k - 2*k. Let l = k - -148. Suppose 2*o + 4*i - 22 = 4, 0 = -2*i + 8. What is the highest common factor of o and l?
5
Let o be (-1 - -16)*23/805*14. Let d be (3/4)/((-4)/(-32)). Calculate the greatest common factor of o and d.
6
Let y(a) = 2*a**3 - 6*a**2 + 3*a - 2. Let t be y(4). Let r = -904 + 974. What is the greatest common factor of r and t?
14
Let q(w) = -2*w - 20. Let j be q(-19). Calculate the greatest common factor of 30 and j.
6
Let y = 149 + -125. Calculate the highest common factor of y and 120.
24
Suppose -5*i - 1080 = -5*k, 3*k + 15*i - 652 = 20*i. Calculate the highest common divisor of 2 and k.
2
Let p = 43 + -31. Let u = -10 + p. Let c be (-3)/12 + 5/4. Calculate the highest common factor of c and u.
1
Suppose p + 142 = 4*y - 258, -3*y - p + 293 = 0. Let h = 103 - y. Let i(o) = 7*o**2 - 3*o - 2. Let f be i(-2). What is the highest common factor of f and h?
4
Let b(p) = -p + 121. Let c be b(-48). Calculate the greatest common factor of c and 13.
13
Suppose -s = -2*a - 1 - 5, -3*s + a = -8. Let t be (-48)/(-5) + s/5. Let g be (8*(-5)/t)/(-2). What is the highest common divisor of g and 10?
2
Let c be 0 + 1 - (3 + -4). Suppose -4 = -2*o + o - u, -3*o + 22 = -c*u. Let q be o*8/(-4)*-1. Calculate the greatest common factor of q and 96.
12
Suppose 4*f = -5*g + 554, -2*g - 22*f + 24*f = -218. Calculate the highest common factor of g and 77.
11
Let o(c) = 5*c**2 + 3*c + 2. Let f be o(-2). Let k = 38 - f. What is the greatest common factor of 55 and k?
11
Suppose -25 = -2*j + 3. Let s(q) = 13*q + 11. Let g be s(-8). Let w = g + 177. Calculate the highest common factor of w and j.
14
Suppose 0 = -2*j + 187 + 5. Suppose 4*o + 0*x = 2*x, 0 = -o + 4*x. Suppose -4*p + 33 + 15 = o. Calculate the highest common divisor of p and j.
12
Let a be (-8)/(1 + -2) - -1. Let p be (3 + 6 + -6)/(1/33). What is the greatest common factor of p and a?
9
Let y = -306 + 475. Calculate the highest common factor of 13 and y.
13
Let x be (-21692)/(-231) - 6/(-63). What is the greatest common factor of 423 and x?
47
Let g be (0 - -463) + 57/(-19). Calculate the greatest common divisor of 23 and g.
23
Suppose 7*h - 476 - 308 = 0. Let i(o) = o**3 + 5*o**2 - 7*o + 8. Let f be i(-6). Calculate the highest common divisor of h and f.
14
Suppose 0 = 4*p - 2*p. Suppose p = 3*s - 0 - 6. Suppose -3*r + s*r + 11 = 0. What is the highest common factor of 11 and r?
11
Let l = 22 - 34. Let q be (l/15)/((-4)/470). Suppose 5 - q = -3*a + 2*s, -2*a - 3*s = -81. What is the highest common factor of 22 and a?
11
Let k be ((-150)/(-175))/(1/21). What is the highest common divisor of k and 117?
9
Let y(v) = v**2 + 3*v + v**3 - 2*v**2 + 0*v**3 - 7*v**2. Let o be y(7). Let l be (-6)/21 + (-1352)/o. What is the greatest common divisor of l and 32?
16
Let j = 17 + -16. Let q be (-248)/(-16) - j/(-2). What is the greatest common divisor of 16 and q?
16
Let a be 6/4*(-21)/18*-16. What is the highest common factor of 49 and a?
7
Let s(q) = 13*q - 1. Let v be s(-2). Let i = -13 - v. What is the greatest common factor of 14 and i?
14
Let i(l) = -l**2 + 12*l + 15. Let t be (0 + 3)*(-44)/(-12). Let p be i(t). Let u be p/12 - 2/12. What is the greatest common factor of u and 5?
1
Let m be 43 + 3/9*3. Calculate the highest common divisor of 198 and m.
22
Suppose -4*m + 3*k - 115 = -9*m, 4*k + 72 = 2*m. What is the highest common factor of 26 and m?
26
Suppose 0 = -3*o + 5*i + 212, 4*o - 3*i = 2*o + 140. What is the highest common factor of 192 and o?
64
Let k be (((-3136)/(-48))/14)/(4/18). Calculate the highest common divisor of k and 987.
21
Let q be (33/(-6))/((-2)/64). Let d be (16/5)/(9/45)*1. Calculate the highest common divisor of q and d.
16
Let r = -270 - -178. Let p be (11 - 3)*r/8. Let w = 52 - p. Calculate the greatest common divisor of w and 36.
36
Suppose 5*f + 2*g - 336 = 0, -2*f + 62*g + 132 = 64*g. Calculate the highest common factor of 1394 and f.
34
Let h be -2 - 25*2/(-2). Suppose -2*d + h = -5. Suppose -3*n = -68 + 26. Calculate the greatest common factor of n and d.
14
Suppose 0 = -2*q - 3*d + 35, 2*q - 6*d - 75 = -d. What is the greatest common factor of q and 125?
25
Let t(z) = z**2 + 6*z - 5. Let y be t(-6). Let b(f) = 2*f**3 + 9*f**2 - 10*f - 2. Let d be b(y). Calculate the greatest common factor of 184 and d.
23
Let k = 51 - -3. Calculate the highest common divisor of 378 and k.
54
Suppose -845 = -5*c - q, 2*c + 3*q - 11 = 340. Calculate the greatest common divisor of c and 24.
24
Let d(c) = -2*c. Let p be d(-2). Suppose -29 = -13*s + 101. Calculate the greatest common factor of p and s.
2
Suppose 26 = -8*m + 10*m. Suppose m + 19 = 2*p. Let b = 20 + -12. What is the greatest common factor of p and b?
8
Let a be -25*8/(-30)*3. What is the highest common divisor of a and 70?
10
Let w(l) = l**3 - 5*l**2 + 7*l - 25. Let z be w(5). Suppose -5*f + y + 44 = -510, 0 = 2*f - 4*y - 236. What is the highest common factor of z and f?
10
Let v(b) = b - 1. Let i be v(-3). Let d be 174 + 1/(-1) + (-1 - i). Suppose n - 1 - 15 = 0. Calculate the greatest common factor of d and n.
16
Suppose 2 = 2*f + 8, 54 = -5*l - 3*f. Let a be 6*(-123)/l + -2. Calculate the highest common factor of a and 32.
16
Suppose 2*z + 4*z - 420 = 0. Calculate the highest common factor of 30 and z.
10
Suppose -5*j + 3 = -4*j. Suppose 4*s - 2 - 9 = -3*y, -3*y + j = 0. What is the highest common factor of s and 18?
2
Let x = 1476 - 1128. Calculate the greatest common divisor of 12 and x.
12
Let g be 12/1 + (1 - -3). Let p(h) = -h**3 - 2*h**2 + 208. Let j be p(0). What is the greatest common factor of j and g?
16
Suppose 3*d + 5*t - 28 = 0, -2*d + 0*d = 2*t - 12. Let w be d + (2 - 5) - -7. Suppose 0 = -h - 3*h + 180. What is the greatest common divisor of w and h?
5
Let x be (3/(-6))/(2/(-8)). Suppose -4*p - 3*a = -4*a - 96, x*p = 3*a + 38. Calculate the highest common divisor of 25 and p.
25
Let h(x) = 32*x + 25. Let q be h(5). Let w = q - 77. What is the highest common divisor of w and 36?
36
Suppose 3*s - 108 = -2*i + 126, -5*s = -4*i + 468. Suppose -2*q - c = -i, -3*q + 102 = -c - 81. Calculate the highest common factor of 15 and q.
15
Let v be ((-1)/(-3))/(3848/960 + -4). What is the greatest common factor of v and 1080?
40
Let y = -9 + 2. Let r be (y/3)/((-3)/54). Let x(b) = -36*b - 642. Let d be x(-18). What is the greatest common factor of d and r?
6
Let u(t) = 7*t**2 + t - 2. Let f be u(1). Suppose 2*l + 3*x - 5 = -0, 5*x = -3*l + f. Calculate the greatest common factor of l and 35.
7
Let c(z) = z**2 + 10*z + 25. Let v be c(-7). Suppose v*h = -6*h + 360. Suppose 23 - 59 = -3*n. What is